ist the prime factors of 14811.
3, 4937
List the prime factors of 34501.
34501
List the prime factors of 1749.
3, 11, 53
What are the prime factors of 1685?
5, 337
What are the prime factors of 35097?
3, 11699
What are the prime factors of 1305?
3, 5, 29
What are the prime factors of 631?
631
What are the prime factors of 29903?
17, 1759
What are the prime factors of 2477?
2477
List the prime factors of 1649.
17, 97
List the prime factors of 28543.
17, 23, 73
What are the prime factors of 24973?
13, 17, 113
What are the prime factors of 6848?
2, 107
List the prime factors of 34689.
3, 31, 373
List the prime factors of 31226.
2, 13, 1201
List the prime factors of 7321.
7321
What are the prime factors of 9488?
2, 593
What are the prime factors of 76?
2, 19
List the prime factors of 359.
359
List the prime factors of 4764.
2, 3, 397
List the prime factors of 35128.
2, 4391
What are the prime factors of 2348?
2, 587
What are the prime factors of 966?
2, 3, 7, 23
What are the prime factors of 38728?
2, 47, 103
What are the prime factors of 169?
13
List the prime factors of 8554.
2, 7, 13, 47
List the prime factors of 268.
2, 67
List the prime factors of 348.
2, 3, 29
What are the prime factors of 304?
2, 19
List the prime factors of 3430.
2, 5, 7
List the prime factors of 4042.
2, 43, 47
List the prime factors of 1104.
2, 3, 23
What are the prime factors of 14356?
2, 37, 97
List the prime factors of 15147.
3, 11, 17
What are the prime factors of 1037?
17, 61
List the prime factors of 2027.
2027
List the prime factors of 1263.
3, 421
List the prime factors of 45913.
7, 937
List the prime factors of 3869.
53, 73
What are the prime factors of 14416?
2, 17, 53
What are the prime factors of 38059?
7, 5437
List the prime factors of 2225.
5, 89
What are the prime factors of 4061?
31, 131
What are the prime factors of 4743?
3, 17, 31
What are the prime factors of 15593?
31, 503
What are the prime factors of 89281?
19, 37, 127
List the prime factors of 88925.
5, 3557
List the prime factors of 35014.
2, 7, 41, 61
What are the prime factors of 39705?
3, 5, 2647
What are the prime factors of 776?
2, 97
What are the prime factors of 11317?
11317
What are the prime factors of 5870?
2, 5, 587
What are the prime factors of 706?
2, 353
What are the prime factors of 1923?
3, 641
What are the prime factors of 3686?
2, 19, 97
What are the prime factors of 9208?
2, 1151
What are the prime factors of 18517?
18517
What are the prime factors of 1192?
2, 149
List the prime factors of 4730.
2, 5, 11, 43
List the prime factors of 2626.
2, 13, 101
What are the prime factors of 4460?
2, 5, 223
What are the prime factors of 15020?
2, 5, 751
What are the prime factors of 17496?
2, 3
List the prime factors of 6788.
2, 1697
What are the prime factors of 53943?
3, 17981
List the prime factors of 29390.
2, 5, 2939
What are the prime factors of 61890?
2, 3, 5, 2063
List the prime factors of 1538.
2, 769
List the prime factors of 4872.
2, 3, 7, 29
What are the prime factors of 2378?
2, 29, 41
What are the prime factors of 4883?
19, 257
List the prime factors of 988.
2, 13, 19
List the prime factors of 29005.
5, 5801
What are the prime factors of 954?
2, 3, 53
What are the prime factors of 992?
2, 31
What are the prime factors of 4311?
3, 479
List the prime factors of 5081.
5081
List the prime factors of 2185.
5, 19, 23
What are the prime factors of 1230?
2, 3, 5, 41
List the prime factors of 1109.
1109
List the prime factors of 512.
2
What are the prime factors of 329?
7, 47
List the prime factors of 71277.
3, 23, 1033
What are the prime factors of 105577?
71, 1487
What are the prime factors of 131692?
2, 11, 41, 73
List the prime factors of 55.
5, 11
List the prime factors of 53175.
3, 5, 709
List the prime factors of 9800.
2, 5, 7
List the prime factors of 6205.
5, 17, 73
List the prime factors of 106.
2, 53
What are the prime factors of 42800?
2, 5, 107
What are the prime factors of 1155?
3, 5, 7, 11
What are the prime factors of 10141?
10141
List the prime factors of 12287.
11, 1117
What are the prime factors of 20964?
2, 3, 1747
List the prime factors of 1248.
2, 3, 13
What are the prime factors of 3073?
7, 439
What are the prime factors of 1823?
1823
What are the prime factors of 7329?
3, 7, 349
List the prime factors of 256.
2
List the prime factors of 8582.
2, 7, 613
What are the prime factors of 934?
2, 467
What are the prime factors of 723?
3, 241
List the prime factors of 17240.
2, 5, 431
What are the prime factors of 1398?
2, 3, 233
List the prime factors of 384.
2, 3
What are the prime factors of 5309?
5309
List the prime factors of 134698.
2, 67349
List the prime factors of 5960.
2, 5, 149
List the prime factors of 10170.
2, 3, 5, 113
List the prime factors of 34749.
3, 11, 13
What are the prime factors of 150?
2, 3, 5
What are the prime factors of 95759?
31, 3089
List the prime factors of 643.
643
List the prime factors of 2014.
2, 19, 53
What are the prime factors of 3623?
3623
What are the prime factors of 572?
2, 11, 13
List the prime factors of 52948.
2, 7, 31, 61
List the prime factors of 11226.
2, 3, 1871
What are the prime factors of 124635?
3, 5, 7, 1187
List the prime factors of 17754.
2, 3, 11, 269
List the prime factors of 41334.
2, 3, 83
What are the prime factors of 2507?
23, 109
What are the prime factors of 6528?
2, 3, 17
What are the prime factors of 29021?
29021
List the prime factors of 1229.
1229
List the prime factors of 33846.
2, 3, 5641
What are the prime factors of 1285?
5, 257
List the prime factors of 814.
2, 11, 37
List the prime factors of 21122.
2, 59, 179
What are the prime factors of 15332?
2, 3833
List the prime factors of 571.
571
List the prime factors of 2031.
3, 677
What are the prime factors of 1943?
29, 67
List the prime factors of 349.
349
What are the prime factors of 1647?
3, 61
List the prime factors of 5753.
11, 523
List the prime factors of 4874.
2, 2437
What are the prime factors of 115?
5, 23
List the prime factors of 2002.
2, 7, 11, 13
What are the prime factors of 1610?
2, 5, 7, 23
What are the prime factors of 848?
2, 53
List the prime factors of 9615.
3, 5, 641
List the prime factors of 1324.
2, 331
What are the prime factors of 1795?
5, 359
List the prime factors of 39390.
2, 3, 5, 13, 101
List the prime factors of 24046.
2, 11, 1093
What are the prime factors of 10560?
2, 3, 5, 11
What are the prime factors of 2026?
2, 1013
List the prime factors of 74087.
13, 41, 139
List the prime factors of 4814.
2, 29, 83
What are the prime factors of 1907?
1907
List the prime factors of 1119.
3, 373
What are the prime factors of 122211?
3, 37, 367
What are the prime factors of 183685?
5, 17, 2161
List the prime factors of 114623.
83, 1381
What are the prime factors of 9030?
2, 3, 5, 7, 43
List the prime factors of 308.
2, 7, 11
List the prime factors of 2959.
11, 269
List the prime factors of 97995.
3, 5, 47, 139
What are the prime factors of 16219?
7, 331
List the prime factors of 2880.
2, 3, 5
What are the prime factors of 7033?
13, 541
List the prime factors of 357.
3, 7, 17
What are the prime factors of 542?
2, 271
List the prime factors of 3812.
2, 953
List the prime factors of 19977.
3, 6659
What are the prime factors of 181?
181
What are the prime factors of 3569?
43, 83
What are the prime factors of 678?
2, 3, 113
What are the prime factors of 1233?
3, 137
What are the prime factors of 136637?
139, 983
List the prime factors of 29903.
17, 1759
What are the prime factors of 377?
13, 29
List the prime factors of 5346.
2, 3, 11
List the prime factors of 1060.
2, 5, 53
What are the prime factors of 7803?
3, 17
List the prime factors of 4796.
2, 11, 109
List the prime factors of 4483.
4483
What are the prime factors of 41798?
2, 20899
What are the prime factors of 1725?
3, 5, 23
List the prime factors of 135315.
3, 5, 31, 97
What are the prime factors of 14529?
3, 29, 167
What are the prime factors of 28423?
43, 661
List the prime factors of 4602.
2, 3, 13, 59
List the prime factors of 2198.
2, 7, 157
What are the prime factors of 6122?
2, 3061
What are the prime factors of 51341?
51341
List the prime factors of 924.
2, 3, 7, 11
List the prime factors of 3550.
2, 5, 71
What are the prime factors of 103546?
2, 23, 2251
List 